04 is divided by 584.
580
Calculate the remainder when 109497 is divided by 36321.
534
Calculate the remainder when 45449 is divided by 45087.
362
What is the remainder when 206116209 is divided by 25?
9
Calculate the remainder when 654846 is divided by 261.
258
What is the remainder when 3188899 is divided by 1255?
1199
What is the remainder when 30642054 is divided by 150946?
16
What is the remainder when 5352906 is divided by 165?
141
Calculate the remainder when 7944519 is divided by 22.
11
Calculate the remainder when 39138190 is divided by 13046058.
16
What is the remainder when 472836 is divided by 1225?
1211
Calculate the remainder when 452620 is divided by 1407.
973
What is the remainder when 626954 is divided by 2276?
1054
Calculate the remainder when 12864472 is divided by 3216053.
260
Calculate the remainder when 6055359 is divided by 298.
297
What is the remainder when 718873 is divided by 4995?
4588
What is the remainder when 87456 is divided by 4126?
810
Calculate the remainder when 118925 is divided by 29556.
701
What is the remainder when 2416238 is divided by 1208100?
38
Calculate the remainder when 13915931 is divided by 1695.
1676
Calculate the remainder when 16813 is divided by 530.
383
Calculate the remainder when 9771 is divided by 8996.
775
Calculate the remainder when 10763222 is divided by 2690803.
10
Calculate the remainder when 87188091 is divided by 907.
902
What is the remainder when 9714358 is divided by 37799?
15
Calculate the remainder when 758040 is divided by 75798.
60
What is the remainder when 31548375 is divided by 140215?
0
Calculate the remainder when 997228 is divided by 3989.
3967
Calculate the remainder when 25932241 is divided by 10.
1
Calculate the remainder when 88733 is divided by 1123.
16
What is the remainder when 234416 is divided by 194?
64
What is the remainder when 21314 is divided by 3337?
1292
What is the remainder when 9169641 is divided by 195098?
35
Calculate the remainder when 2208644 is divided by 887.
14
Calculate the remainder when 16279063 is divided by 127.
76
What is the remainder when 2154163 is divided by 18?
13
What is the remainder when 5414774 is divided by 1122?
2
What is the remainder when 78655951 is divided by 19?
17
Calculate the remainder when 50213 is divided by 142.
87
What is the remainder when 56451149 is divided by 77?
62
What is the remainder when 8250296 is divided by 111?
110
What is the remainder when 27677757 is divided by 5811?
5775
Calculate the remainder when 42521 is divided by 1897.
787
What is the remainder when 1315164 is divided by 187853?
193
What is the remainder when 224512 is divided by 1891?
1374
Calculate the remainder when 3188887 is divided by 129.
7
What is the remainder when 114987092 is divided by 4739?
4735
What is the remainder when 7821171 is divided by 49?
36
What is the remainder when 225687 is divided by 261?
183
What is the remainder when 7937889 is divided by 82686?
33
What is the remainder when 443583 is divided by 31682?
35
Calculate the remainder when 150331 is divided by 10734.
55
What is the remainder when 1995188 is divided by 223?
7
What is the remainder when 11809462 is divided by 1027?
1016
Calculate the remainder when 198073 is divided by 4.
1
What is the remainder when 110526 is divided by 11038?
146
Calculate the remainder when 932601 is divided by 586.
275
What is the remainder when 2054261 is divided by 2042?
9
Calculate the remainder when 79744268 is divided by 219.
17
Calculate the remainder when 22167441 is divided by 272.
257
What is the remainder when 2956265 is divided by 3895?
3855
Calculate the remainder when 26834961 is divided by 1922.
1919
What is the remainder when 3099564 is divided by 7907?
20
What is the remainder when 444598 is divided by 2244?
286
Calculate the remainder when 8289159 is divided by 1657826.
29
What is the remainder when 20637603 is divided by 44?
19
Calculate the remainder when 189957 is divided by 11162.
203
What is the remainder when 555544 is divided by 32565?
1939
Calculate the remainder when 1096007 is divided by 273965.
147
What is the remainder when 203514 is divided by 1683?
1554
What is the remainder when 875241 is divided by 75?
66
Calculate the remainder when 41843546 is divided by 3675.
3671
What is the remainder when 10933953 is divided by 1366712?
257
Calculate the remainder when 1495088 is divided by 21358.
28
What is the remainder when 378313223 is divided by 86?
83
Calculate the remainder when 23707 is divided by 21881.
1826
What is the remainder when 647178 is divided by 3139?
544
What is the remainder when 1193732 is divided by 298406?
108
What is the remainder when 926185 is divided by 308582?
439
Calculate the remainder when 1488541 is divided by 103.
88
What is the remainder when 300271542 is divided by 136?
134
What is the remainder when 3434997 is divided by 42?
27
What is the remainder when 23086701 is divided by 151?
9
What is the remainder when 8461990 is divided by 604425?
40
What is the remainder when 321800639 is divided by 112?
111
Calculate the remainder when 581735 is divided by 10388.
7
What is the remainder when 102869 is divided by 5762?
4915
What is the remainder when 154389 is divided by 1625?
14
What is the remainder when 492646 is divided by 282?
274
Calculate the remainder when 57672 is divided by 185.
137
What is the remainder when 531166631 is divided by 166?
163
What is the remainder when 36967 is divided by 4255?
2927
Calculate the remainder when 4238431 is divided by 129.
7
Calculate the remainder when 3475922 is divided by 8625.
47
What is the remainder when 3650943 is divided by 10030?
23
What is the remainder when 22731 is divided by 1421?
1416
Calculate the remainder when 1743052 is divided by 424.
412
What is the remainder when 85976220 is divided by 7768?
7764
Calculate the remainder when 478212 is divided by 7654.
3664
What is the remainder when 206180 is divided by 4451?
1434
What is the remainder when 3689766 is divided by 72338?
528
Calculate the remainder when 1182940 is divided by 13442.
44
What is the remainder when 170580418 is divided by 230?
228
Calculate the remainder when 104149 is divided by 25776.
1045
What is the remainder when 172522 is divided by 42299?
3326
What is the remainder when 135326 is divided by 12111?
2105
Calculate the remainder when 66775 is divided by 242.
225
Calculate the remainder when 3646656 is divided by 6320.
16
What is the remainder when 358555 is divided by 20?
15
What is the remainder when 51510 is divided by 2215?
565
Calculate the remainder when 3513987 is divided by 1170907.
1266
What is the remainder when 87854 is divided by 8?
6
What is the remainder when 404361 is divided by 201220?
1921
What is the remainder when 6145085 is divided by 52522?
11
Calculate the remainder when 134580 is divided by 22.
6
Calculate the remainder when 418768403 is divided by 267.
263
Calculate the remainder when 33073667 is divided by 1190.
1187
Calculate the remainder when 31611 is divided by 38.
33
Calculate the remainder when 244447 is divided by 4700.
47
What is the remainder when 10810903 is divided by 272?
263
Calculate the remainder when 2439750 is divided by 85.
80
What is the remainder when 8055509 is divided by 471?
467
What is the remainder when 2700496 is divided by 900156?
28
What is the remainder when 2155263 is divided by 165?
33
What is the remainder when 599895 is divided by 3896?
3807
What is the remainder when 13305222 is divided by 6652606?
10
Calculate the remainder when 214484999 is divided by 100.
99
What is the remainder when 57399 is divided by 27959?
1481
What is the remainder when 138213 is divided by 45997?
222
Calculate the remainder when 2250728 is divided by 12.
8
What is the remainder when 11333213 is divided by 12?
5
What is the remainder when 78337 is divided by 267?
106
Calculate the remainder when 576823 is divided by 13333.
3504
Calculate the remainder when 18035788 is divided by 94428.
40
Calculate the remainder when 1700823 is divided by 532.
19
What is the remainder when 26084370 is divided by 106?
102
Calculate the remainder when 6656204 is divided by 2181.
1973
What is the remainder when 684633 is divided by 2044?
1937
Calculate the remainder when 30519 is divided b